f i(p). Determine d(-6).
-5
Let o(y) = y. Let k(w) = -3*w - 1. Let s(b) = k(b) + 2*o(b). Let j = -17327 + 17331. What is s(j)?
-5
Let r = -860 + 856. Let n(w) = -4*w - 8. Give n(r).
8
Let f(c) = -3*c**2 + 38*c - 92. Suppose 30 = 4*x - z - 0*z, -5*x - 3*z = -46. What is f(x)?
20
Suppose 0 = -5*y + 80*f - 76*f - 44, -y - f = 7. Let o(q) = -q**3 - 7*q**2 + 7*q - 15. Determine o(y).
-7
Let s(j) be the second derivative of -j**4/12 - 5*j**2 + 582*j. Give s(0).
-10
Suppose 4*g = -16, q + 3*g - 2 = -16. Let c(b) = -5*b**2 - b + 3. Let x(i) = -6*i**2 - i + 4. Let k(s) = 3*c(s) - 2*x(s). Give k(q).
-9
Let b(d) be the second derivative of 1/6*d**4 + 2/3*d**3 - 1/2*d**2 - 7*d - 2. Determine b(-3).
5
Let b(j) = j**3 + 10*j**2 - 46*j - 11. Suppose 912 = -9*a - 64*a - 37. Determine b(a).
80
Let p(o) = o + 6. Let z = 72 - 26. Let b(h) = -h**2 - 27*h + 51. Let i be b(-27). Suppose g - z = -i. Calculate p(g).
1
Suppose 118*u - 114*u - 84 = 0. Suppose -13*n - u*n = -136. Let t(k) = 0 - 3*k**2 - k + 1 + k**3 - k. Give t(n).
9
Let f(y) = -34*y**2 - 17*y - 24*y**3 - 32*y**2 + 90*y**2 - 37*y**2 - 14 + 23*y**3. Determine f(-11).
-69
Let a(m) = -4*m**3 + 10*m**2 + 46*m + 15. Let i(k) = -k**3 + k**2 + 10*k. Let v(s) = a(s) - 5*i(s). What is v(-6)?
3
Let u(v) be the second derivative of -v**4/12 - 4*v**3/3 + 4*v**2 - 4179*v. Determine u(-9).
-1
Let z(f) = 2*f - f**2 + 2*f**2 + 5*f + 11. Let j = 814833 + -814839. What is z(j)?
5
Let q(z) = -z**3 - 3*z**2 + 3*z + 1. Let b(j) = -j**3 + 26*j**2 - 4*j + 101. Let f be b(26). Calculate q(f).
-8
Let l be 616/(-33) - (-1 - (2 - 14/6)). Let v(m) = -2*m - 35. Calculate v(l).
1
Let f(d) = 20*d**2 - 24*d**2 - 3*d + 5*d + 5. Let k(w) = -4 + 20*w + 3*w**2 - 35*w + 12*w. Let q(o) = 2*f(o) + 3*k(o). Give q(4).
-6
Let l(z) = -z**3 - 22*z**2 + 74*z - 28. Let b = 15224 - 15249. Determine l(b).
-3
Let h(n) = n**3 + 7*n**2 + 2*n + 6. Suppose -5*q - 2 - 27 = -2*g, 4*q + 2*g = -34. Calculate h(q).
-8
Let t = 44 - 2. Suppose 34 + t = 4*x. Let s = x + -20. Let h(c) = -22*c - 1. What is h(s)?
21
Let g(b) be the first derivative of -b**2/2 - 4*b + 50. Suppose -16*m + 27*m = -88. Give g(m).
4
Let r be (-2)/22 - ((-1592)/88 - -8). Let m(w) = -w - 3. Let l(x) = 6*x + 15. Let v(u) = r*m(u) + 2*l(u). Calculate v(-1).
-2
Let z(q) = -27*q - 11 - 34*q + 59*q. Let a = 24695 + -24700. Give z(a).
-1
Suppose 0 = 4*q - 20, -4*q + 6*q - 34 = -4*z. Let w(l) = 26*l + 29*l - 52*l + z. Give w(-6).
-12
Let d(g) = g + 1. Let y be (8/4 - 3)*5. Let q(o) = o + 1. Let c(h) = y*q(h) + 7*d(h). Let p = 32 + -30. Determine c(p).
6
Let m(s) be the first derivative of s**3/3 - 5*s**2/2 - 5*s - 42691. Let z(x) be the first derivative of 3*x**2/2 + x - 1. Let h be z(2). Calculate m(h).
9
Suppose -2*c + c - 3 = 0. Let i(t) = t**3 + t**2 - 3*t + 4. Let q be i(c). Let l(w) = w**2 + 8*w - 2. What is l(q)?
-17
Let t(v) be the third derivative of -v**6/60 + 17*v**5/60 + 3*v**4/8 - 2*v**3 - 2*v**2 + 1. What is t(9)?
-12
Let a(j) = 29*j - 422. Let w be a(14). Let b(z) = z**3 + 19*z**2 + 44*z - 67. What is b(w)?
-3
Let c(z) = -z**2 - 4*z - 5. Suppose 0 = -n - 4*l - 0*l + 18, -8 = -n - 2*l. Suppose 568 = -2*j + 2836. Let k be j/(-297) - n/(-11). What is c(k)?
-5
Let u(n) = -3*n**2 - 17*n - 5. Let t(p) = -4*p**2 - 20*p - 6. Let b = 191 - 185. Let c(i) = b*u(i) - 5*t(i). Calculate c(2).
4
Suppose -25*s + 8 - 233 = 0. Let v(b) = b**2 + 4*b + 15. What is v(s)?
60
Let h = -490 + 526. Let v(i) = 2 - 7 - 27*i**2 - h*i**2 - i - 2*i + 61*i**2. Calculate v(-2).
-7
Let h be 2*(1 - 2) + 6. Let d(g) be the first derivative of -2*g + 177 + 1/2*g**2. Calculate d(h).
2
Suppose 0*r = -0*r + r. Let k(g) = 12*g - 11. Let d be k(3). Suppose -5*l = -0*l - y + 20, r = 2*l + 3*y + d. Let q(v) = v + 11. Determine q(l).
6
Let o(b) be the first derivative of -b**3/3 - 17*b**2/2 + 42*b + 2463. Give o(-19).
4
Let n be -36*(-15)/70 - (-8)/28. Let m(i) be the first derivative of -i**2 + 7*i + 126. Determine m(n).
-9
Let v(g) = -62*g - 3. Let h(d) = d**3 + 7*d**2 - 7*d + 7. Let b be h(-8). Let y be v(b). Let u = y - 59. Let s(m) = -m**3 - m - 11. Calculate s(u).
-11
Let o = 300 + -205. Let u = o + -87. Let n(l) = -l - 8. Give n(u).
-16
Let y be (-512)/(-640) - ((-22)/60 + 1). Let f(r) be the third derivative of 1/120*r**6 + 0 + 2*r**2 - 1/15*r**5 + y*r**4 + 0*r - 1/3*r**3. Give f(2).
-2
Let w(m) be the first derivative of m**3/3 - 6*m**2 + 15*m + 13157. What is w(9)?
-12
Let g(n) = -n**3 + 5*n**2 + 9*n - 6. Let y = 119 - 65. Let c = -24 + y. Suppose 0 = 5*d - 3*d - 4*m + 4, -c = -3*d - 3*m. Determine g(d).
12
Let h = -4620 + 4626. Let a(m) = 3*m + 10. Calculate a(h).
28
Let x(i) = -682*i + 341*i - 1 + 4*i**2 + i**3 + 339*i. Let y(m) = -m - 1. Let s(o) = -5*o - 6. Let u(b) = -s(b) + 6*y(b). Let h be u(4). Calculate x(h).
7
Let d(x) = 23*x**3 - 9*x**2 + 8*x + 3. Let q(p) = -63*p**3 + 26*p**2 - 23*p - 7. Let v(y) = 11*d(y) + 4*q(y). Let w be 6/(-4)*(6 + -2). Give v(w).
-7
Let u(j) = -j**3 + 5*j**2 + 9*j - 3. Let f be (-42)/(8 + 196/(-14)). Give u(f).
-38
Let m(n) be the first derivative of -n**2 - 2*n + 4122. Let r be -10 - ((-4)/1 + 2). Let w = r + 5. Calculate m(w).
4
Let k(s) = -8*s**2 - 23*s - 8. Let d(t) = 17*t**2 + 55*t + 18. Let i(b) = -4*d(b) - 9*k(b). Calculate i(3).
-3
Let w(x) = 2*x**2 + 13*x + 27. Let y be w(-6). Suppose -4*d - y = -a, 0 = 5*d - a + 5*a + 21. Let t(o) = o - 1. Give t(d).
-6
Let u(n) = 2*n**3 + 22*n**2 - 23*n + 26. Let o(d) = -d**3 - 57*d**2 + 245*d + 49. Let q be o(-61). Determine u(q).
14
Let i(v) = -v**3 + 6*v**2 - 5*v + 3. Let g be 75/20*(-48)/(-60). Determine i(g).
15
Let g = 727 - 390. Suppose -2 = 9*u - 3 - 8. Let v(l) = l**2 - g*l - u + 4 + 341*l. Give v(-4).
3
Let d(g) = -g + 0*g - 34 - 36 - 30 + 42 + 55. Let f(q) = q**2 + 3*q + 1. Let b be f(-4). What is d(b)?
-8
Let w(m) = 9*m**2 + 7*m - 1. Let s(t) = 19*t**2 + 46*t - 168. Let c(o) = s(o) - 2*w(o). What is c(-36)?
-22
Let i(k) = -k**3 + 7*k**2 + 9*k + 7. Let t(x) = 9*x**2 - 5*x + 4. Let l be (-3)/(-30)*-4 + 7/5. Let o be t(l). Determine i(o).
15
Suppose -130 + 62 = 10*a - 68. Let v(b) = -9*b - 25. Determine v(a).
-25
Let y(d) = d**2 + 7*d + 5. Suppose -439 - 389 = -18*r. Suppose -12*z - r = 2. What is y(z)?
-7
Let t be (-51)/(-34)*(-318)/(-9). Let j(y) = -8*y - t + 7*y + 56. Let b(g) = -g + 7. Let q be b(3). What is j(q)?
-1
Let g(y) be the second derivative of -y**5/20 - 3*y**4/4 + y**3 - 15*y**2/2 + y + 160. Give g(-10).
25
Let p(o) be the second derivative of -o**5/30 + o**4/3 - o**3 - 39*o**2 + 245*o. Let a(z) be the first derivative of p(z). What is a(5)?
-16
Let j(o) = -o**3 + 2*o**2 + 6*o - 3. Let r = 137 - 132. Let v(s) = 10*s**2 + 8 + s**3 - 4 - 7*s - r*s - 12*s. Let z be v(-12). Give j(z).
-11
Suppose 365*a + 77 = -718 + 65. Let u be ((-3)/(-1))/((-9)/(-6)). Let g(i) = 4*i**u - 2*i**2 - i + 2*i. What is g(a)?
6
Let z(y) = 2*y**3 + 15*y**2 + 3*y + 8. Suppose -39 - 325 = 52*f. Give z(f).
36
Suppose 498 = -3*i + 498. Suppose i = -2*r - 2*a + 4, r - 3 = -3*a - 1. Let z(t) = 7*t**2 - t. Calculate z(r).
26
Let s(b) = b**2 - 17*b + 13. Let o be s(16). Let r(y) = -11*y + 4. Let f(x) = -23*x + 9. Let i(c) = o*f(c) + 7*r(c). Suppose -26 + 47 = -7*d. What is i(d)?
25
Let v(u) be the first derivative of -u**2/2 - 17*u - 68. Give v(6).
-23
Let f be (0 + 12)*(-58)/(-348). Let p(b) = 6*b**f + 55*b - b**2 - 56*b. Give p(1).
4
Let h(i) be the third derivative of -3/8*i**4 + 0*i - 1/15*i**5 + 2*i**3 - 1/360*i**6 - 23*i**2 + 0. Let u(j) be the first derivative of h(j). What is u(-6)?
3
Let v = -3939 + 3933. Let o(h) = h**3 + 6*h**2 - 8*h - 23. Calculate o(v).
25
Let l(v) = -v**2 + 3*v + 1. Let i(g) be the second derivative of -5*g**4/12 + 9*g**3/2 - 3*g**2/2 - 37*g + 1. Let r(u) = -i(u) + 6*l(u). Give r(-9).
9
Let r(i) = -i**2 - 5*i + 1. Let l(g) = 17*g - 21. Let h be l(2). Let y(f) = 4*f - 56. Let z be y(h). Give r(z).
5
Let f(y) be the first derivative of y**4/4 + y**3/3 - y**2/2 - 14*y + 8. Let b(q) = q**3 - 3*q**2 - 4*q. Let x be b(4). Let g be (x/(-4 + 7))/1. Calculate f(g).
-14
Let b(s) = -6*s + 86. Let l be (-350)/(-22) - 27/(4752/(-16)). What is b(l)?
-10
Let g(f) = 125*f - 14. Let b(z) = -34*z + 4. Let s(k) = -11*b(k) - 3*g(k). Let w(h) = -2*h. Let a be w(4). Let o = a + 14. Calculate s(o).
-8
Let o(n) = 271*n + 266. Let d(f) =